283. What is the tens digit of q?
8
Suppose -4*x - 137 + 509 = 0. What is the tens digit of x?
9
Let h be (-1 - 1)/(0 + -1). What is the tens digit of 0 - -3 - (-16)/h?
1
Suppose -3*p + 14 = 4*y - 0*p, -5*y + 12 = p. Suppose y*g + 3*g = 175. What is the units digit of g?
5
Suppose -2*g = 4*p - 46, p - 4*g - 14 - 11 = 0. Suppose y - 2*j + 57 = -4*y, -y + 2*j = p. Let t = -3 - y. What is the units digit of t?
8
Let k = -5 - -31. What is the tens digit of k?
2
Suppose -14 = -3*t + 5*m, 2*m = 2*t + 2*t. Let o be t/8 - 63/(-28). Suppose -o = -b + 1. What is the units digit of b?
3
What is the units digit of (-4)/12*0 - -4?
4
Suppose -101 = -3*o - 2*f, 0*f + 3*f = -15. What is the units digit of o?
7
Let o be ((-4)/(-8))/(1/6). Suppose -o*i + 10 = 3*q - 14, -2*q = 3*i - 17. What is the units digit of q?
7
Suppose 4*t = 2 + 18. Let k be 1/t - 126/30. Let c(g) = -g**2 - 4*g + 5. What is the units digit of c(k)?
5
Suppose -5*d = -5*q + 10, 3 = q + 4*d + 1. Suppose -c = 2 + q. What is the units digit of (2/c)/((-4)/64)?
8
Let p be 12/(-9)*1*-3. Suppose p*y = 11 + 1. Let c = y - 2. What is the units digit of c?
1
Let p be ((-6)/(-3))/2 - 3. What is the units digit of -2 - -5 - (-1 + p)?
6
Suppose -z = -3*y + 43, -4*z = -4*y + 5 + 55. What is the units digit of y?
4
Let a = -39 + 65. Let r = a - -1. What is the tens digit of r?
2
Let a(v) = -v**3 + 9*v**2 + 3*v - 6. Let j be a(9). Let l = j - 11. Suppose 0 = g + 4*g - l. What is the units digit of g?
2
Suppose 0 = -3*w + 4*b + 95, 0 = 3*w - 4*w - 3*b + 49. Let t = -20 + w. What is the tens digit of t?
1
Let t(o) = -7*o. Let u be t(-1). Let n = 3 - 0. Suppose -u*k + 52 = -n*k. What is the units digit of k?
3
Let l(g) = 3*g + 17. Let f be l(-5). Suppose -38 + 6 = -f*a. What is the tens digit of a?
1
Let g be (6 + -2)*5/(-4). Let h(x) = x**2 - x + 4. Let j be h(g). Suppose 0*n + 4*n = 2*t + j, 2*n + 3*t - 37 = 0. What is the tens digit of n?
1
Suppose 0 = -13*c - 0*c + 2145. What is the hundreds digit of c?
1
Suppose -2*k - 5 = 5. Let l(m) = m**3 + 5*m**2 - m + 2. Let f be l(k). Suppose -f = 2*y - 3*y. What is the units digit of y?
7
Let y be (10/4)/((-1)/(-2)). Let j = y - -10. What is the tens digit of j?
1
Let w(f) = f**3 - 3*f**2 + f. Let k be w(3). Let c(v) = 4*v + v**2 + v**k + 4*v - 9*v**2 - 3. What is the units digit of c(7)?
4
Let s(t) = -t**2 - 6*t - 8. Let q be s(-6). What is the units digit of ((-6)/5)/(q/60)?
9
What is the units digit of 187/9 + (-136)/36 + 4?
1
Suppose 4*c = -5*x + 421, -4*c + 5*x + 187 + 224 = 0. What is the tens digit of c?
0
Suppose -2*j - j - i + 211 = 0, -5*j = i - 351. Suppose -4*f = f - j. What is the units digit of f?
4
Let p(f) = -386*f**3 + 2*f**2 + 3*f + 2. What is the tens digit of p(-1)?
8
Suppose -d + 0*r = 2*r - 13, -4*d = -3*r - 30. Let j = -8 + d. What is the units digit of j?
1
Let z = 108 + -73. Suppose -11 = g - z. Suppose -4*a + a + g = 0. What is the units digit of a?
8
Suppose 4*s - 6*n + 2*n = 1040, 2*n - 532 = -2*s. What is the hundreds digit of s?
2
Let f(h) be the third derivative of h**5/20 - h**4/12 - h**3/6 + 5*h**2. What is the units digit of f(-3)?
2
Let b(h) = h**2 + 1. Let r(s) = 4*s + 1. Let j(q) = b(q) + r(q). Let u be j(-6). Let c = 23 - u. What is the units digit of c?
9
What is the tens digit of (0 - 8/12)*-282?
8
Suppose 5*c = p - 114 - 11, -c - 462 = -4*p. What is the hundreds digit of p?
1
Let d = 8 - 6. Suppose -3*g = -5*b + 67, 2*b + 5*g + d = 4. What is the units digit of b?
1
What is the tens digit of (-2)/((-1260)/314 + 4)?
5
Let k = 35 - 2. What is the tens digit of k?
3
Let p = -80 + 127. What is the tens digit of p?
4
Let r(d) = 4*d**2 + 3*d + 1. What is the units digit of r(3)?
6
Let q(y) = y**2 - 12*y + 14. Let h(u) = u**2 + 5*u + 6. Let n be h(-6). Let a be q(n). Suppose 2*t - a = 3*p, 3*p + p + 12 = 2*t. What is the units digit of t?
0
Let u = 10 - 16. Let w = 10 + u. What is the units digit of w - (0 + 3 + -3)?
4
Let a = 131 - 34. What is the tens digit of a?
9
Suppose p = 3*t + 20 + 41, -3*t = 5*p - 269. What is the tens digit of p?
5
What is the tens digit of 69/46 + (-226)/(-4)?
5
Let r(d) = 2*d - 5. Let j = 4 + 1. Let i = j - 1. What is the units digit of r(i)?
3
Suppose 0 = 2*k - 6 - 10. Suppose k + 72 = 4*l. What is the units digit of l?
0
Let j be (-3)/(9/6) + 7. Suppose -j*i - 4*g = -45, 3*g - 11 = -2*i - 0*g. Suppose -r = -i - 0. What is the tens digit of r?
1
Suppose 2*d = -3*b + 5, -3*d = -4*b - 3 + 4. Suppose -2*z + b = -z. What is the units digit of 2*((-5)/(-2))/z?
5
Let f = 32 + 66. What is the tens digit of f?
9
Let o(w) = -w - 7. Let t be o(-16). What is the units digit of (-3)/t + (-110)/(-6)?
8
Let v(y) = -6*y**2 - 3*y**3 + y**2 + 2*y**3 + 6*y + 4. Let p be v(-6). Suppose 2*q = p*q - 4. What is the units digit of q?
2
Let g(d) = -2 + 5*d + 1 + 3*d**2 + 3 - d**3. Let q be g(5). What is the tens digit of (q + -1)*6/(-8)?
1
Suppose -a + 2*o - 164 = 4*a, -4*a = -o + 133. Let c = 56 + a. What is the tens digit of c?
2
Suppose -s = -2*h + 7, -s - 2*h - 3*h + 28 = 0. Suppose s*l = -6, 49 - 137 = -4*t - 2*l. What is the units digit of t?
3
Let h = -10 - -31. What is the tens digit of h?
2
Let y = 1 + 1. Suppose y*g = -z - 2*z + 226, 2*g = -2*z + 150. Suppose -3*l + z = l. What is the units digit of l?
9
Let x(n) = -n**3 - 2*n**2 + 2*n + 1. Let b be x(-3). Let k = b + -2. What is the units digit of k?
2
Suppose 0 = -m - m - 6. Let h be 2 + 1/(m + 2). What is the tens digit of 8/(21/15 - h)?
2
Let w be 68/7 - (-6)/21. What is the units digit of (w + 0)/(2/4)?
0
Let t(o) = o**3 - 6*o**2 + 8*o - 5. What is the tens digit of t(7)?
0
What is the tens digit of 0 + 0/2 + 34?
3
Let f be 9/6*(-8)/(-3). Let g = 6 - f. What is the units digit of g?
2
What is the units digit of (-2)/4 + 185/10?
8
Let s be 19 + 4 - 0/1. Let u = -16 + s. Suppose -1 = v - u. What is the units digit of v?
6
Suppose -m - 4*a = 3*m - 20, 2*a = 10. What is the units digit of m - (-1 - (2 + -2))?
1
Let c(k) = -k + 9. Let t be c(7). Suppose 3*a - 37 = t*l, 0 = 2*a + 2*l - 4*l - 28. What is the units digit of a?
9
Let x(g) = -g**3 - g**2 + 3. Let j be x(0). Suppose 3*t - k = 5*t - 17, -j*t - k = -23. Suppose 3*a + 0*a = t. What is the units digit of a?
2
Suppose p + 23 - 152 = 0. Suppose -3*f + 3*w + p = f, 0 = f + 3*w - 51. What is the units digit of f?
6
Let k be 4/14 - 38/(-14). Suppose k*c - 2 = 2*c. Suppose c*f = 0, 2*f = 3*v + 6*f - 24. What is the units digit of v?
8
Let s = -38 + 54. What is the tens digit of s?
1
Let q(c) = 6*c**2 - 2*c - 1. Suppose 3*g - 4*t + 4 = -3*t, 2*g = -5*t + 3. What is the units digit of q(g)?
7
Let b(x) be the first derivative of -x**3/3 - 5*x**2/2 + 7*x - 1. What is the units digit of b(-5)?
7
Suppose 5*o + 7 - 122 = 0. What is the tens digit of o?
2
Suppose -2*m = 2*m - 20. Let k = m - -4. What is the units digit of k?
9
Let h = -198 - -134. Let n = -96 - h. What is the tens digit of n/(-40)*1*15?
1
Suppose 0 = x - 5*x + 16. Suppose 0*u + 20 = x*u. What is the units digit of u?
5
Let k(b) be the first derivative of 2*b**2 - b - 6. What is the units digit of k(6)?
3
Let z = -52 + 100. What is the tens digit of z?
4
Suppose -2*b = 3*b. Let h(r) = r**3 - r**2 + r + 7. What is the units digit of h(b)?
7
Let q be -1 + 2*(-3)/(-6). Suppose 2*d = 3*m - 9 + 3, q = 5*d + 5*m - 10. Suppose d = 2*k - 24 - 4. What is the units digit of k?
4
What is the hundreds digit of (-51)/(2*(-5)/30)?
1
Suppose -2 = -0*v - 2*v - 4*p, -v + 1 = 4*p. Let m be v/(-2)*(-1 - -1). Suppose 42 = -m*q + 3*q. What is the tens digit of q?
1
Let v(u) = -u**2 - 10*u + 5. Let k be v(-10). What is the units digit of -3 - k/((-5)/12)?
9
Let m = 90 - 64. What is the tens digit of m?
2
Suppose -3*d = 39 + 75. What is the units digit of 1*d*(-1)/2?
9
What is the units digit of (-625)/(-10) - (-1)/(-2)?
2
Suppose 4 + 8 = 2*t. Let r(m) be the third derivative of m**4/8 - m**2. What is the units digit of r(t)?
8
Let c(p) = p**2 - p + 5. Suppose -4*a = -a. What is the units digit of c(a)?
5
Let d(p) = p**2 + 3*p + 1. Suppose v - 5*l = 1 - 3, 5*l = 4*v - 52. Suppose m = 4*m + v. What is the tens digit of d(m)?
1
What is the tens digit of (-168)/(-9) - (2 - (-28)/(-12))?
1
Suppose 4*k + 284 = 5*y, 3*k = 5*y - 249 - 39. Let g be (-27)/(-5) + 8/(-20). Suppose 5*